**2 - 1. What is c(-1)?
26
Let w(p) = 33*p + 5. What is w(-1)?
-28
Let h(a) = 7*a**2 - a - 1. What is h(-1)?
7
Let u(q) = 16*q + 58. Give u(-4).
-6
Let i(n) = -n**2 - 7*n + 93. Calculate i(-14).
-5
Let x(r) = 3*r**2 - 3*r + 2. Calculate x(1).
2
Let g(d) = -2*d**2 + 3*d - 10. Determine g(3).
-19
Let m(g) = g**3 - 16*g**2 + 17*g - 81. Calculate m(15).
-51
Let g(d) = -d**3 - 5*d**2 + d + 11. What is g(-5)?
6
Let u(t) = 2*t**2 + t - 3. Determine u(3).
18
Let k(r) = -r**2 - 4*r. What is k(-2)?
4
Let a(m) = -m**3 + 9*m**2 - 6*m - 42. Calculate a(7).
14
Let n(i) = i**2 - 14*i - 11. Determine n(8).
-59
Let n(s) = 16*s - 2. What is n(-3)?
-50
Let u(n) = n**2 - 8*n - 21. Calculate u(10).
-1
Let x(n) = -n**3 - 5*n**2 - 2*n + 5. Determine x(-2).
-3
Let a(b) = -b**3 + 8*b**2 - 10*b - 12. Calculate a(6).
0
Let t(c) = c - 28. Calculate t(-4).
-32
Let s(a) = 16*a - 112. Determine s(7).
0
Let f(p) = p - 35. Give f(32).
-3
Let d(f) = -f**2 + 30*f + 345. What is d(-9)?
-6
Let f(y) = 7*y - 7. Determine f(7).
42
Let u(z) = z**3 + 9*z**2 + 8*z - 5. What is u(-8)?
-5
Let l(j) = j**3 + 6*j**2 - 6*j - 31. What is l(-7)?
-38
Let o(i) = -i**3 + 11*i**2 - 2*i + 11. Give o(11).
-11
Let f(o) = o**2 - 4*o - 11. What is f(6)?
1
Let q(y) = -y**3 + 8*y**2 - 2*y - 6. Determine q(6).
54
Let k(t) = -2*t - 9. Determine k(6).
-21
Let y(j) = 3*j - 1. Calculate y(-1).
-4
Let m(p) = -p**3 - 4*p**2 + p - 5. Calculate m(-4).
-9
Let n(g) = -5*g**2 + 24*g + 3. Determine n(5).
-2
Let w(s) = -4*s - 36. What is w(-5)?
-16
Let a(i) = -62*i**2 - 2*i - 2. What is a(-1)?
-62
Let w(q) = -2*q**2 - 3*q + 18. What is w(3)?
-9
Let b(x) = -3*x**2 - 1. Calculate b(5).
-76
Let p(s) = 5*s + 23. Calculate p(-4).
3
Let b(j) = j**2 - 53. Determine b(5).
-28
Let c(s) = -7*s**2 - 66*s + 13. Determine c(-9).
40
Let a(y) = -y**2 - 8*y + 14. Give a(-10).
-6
Let v(c) = -c**3 + 19*c**2 + 27. Calculate v(19).
27
Let t(s) = -15*s**2 + 2*s - 3. What is t(2)?
-59
Let p(t) = -t**2 + 14*t - 12. Calculate p(17).
-63
Let s(o) = 3*o + 15. What is s(-11)?
-18
Let o(a) = -a**3 - 9*a**2 - 18*a - 57. Determine o(-8).
23
Let m(s) = -s**3 - 11*s**2 + 15*s + 29. What is m(-12)?
-7
Let i(s) = 2*s - 27. Give i(-16).
-59
Let b(x) = x - 9. Calculate b(10).
1
Let z(p) = -5*p + 27. Give z(5).
2
Let v(u) = u**2 - 6*u - 15. Calculate v(8).
1
Let w(z) = -3*z - 13. What is w(-4)?
-1
Let a(y) = y**3 + 15*y**2 + 16*y + 7. Calculate a(-14).
-21
Let l(d) = 3*d + 2. Give l(16).
50
Let d(h) = 3*h - 20. Calculate d(12).
16
Let y(q) = 7*q - 92. Give y(19).
41
Let l(u) = -11*u**2 + 2*u + 2. Determine l(-1).
-11
Let o(r) = 4*r**3 + 26*r**2 - 13*r - 2. Determine o(-7).
-9
Let s(r) = 17*r**2 - r + 2. Give s(2).
68
Let i(b) = -b**3 + 11*b**2 - 10*b. Give i(10).
0
Let y(o) = 2*o**2 - 4*o + 9. Calculate y(2).
9
Let y(q) = -3*q**2 - 25*q + 27. Give y(-9).
9
Let l(z) = 2*z**2 + 27*z + 26. Determine l(-1).
1
Let a(t) = -t**2 + 7*t + 1. Determine a(3).
13
Let v(i) = 10*i + 26. What is v(-7)?
-44
Let v(p) = -p**2 - 23*p - 34. Determine v(-21).
8
Let u(s) = 3*s**2 - 16*s + 31. Give u(2).
11
Let b(a) = -4*a - 18. Give b(4).
-34
Let g(i) = -4*i**2 + 7*i - 13. Calculate g(3).
-28
Let f(y) = -2*y**2 - 28*y + 13. Determine f(-14).
13
Let t(n) = n**2 + n - 5. Determine t(8).
67
Let j(a) = -3*a + 4. What is j(-5)?
19
Let x(y) = 14*y - 7. Give x(3).
35
Let m(a) = a**3 + 28*a**2 - 29*a + 6. Give m(-29).
6
Let h(u) = u**2 + 25*u + 127. Determine h(-17).
-9
Let u(t) = -t**3 + 5*t**2 - 3*t + 5. Calculate u(6).
-49
Let d(z) = -5*z**3 + 2*z. Determine d(2).
-36
Let k(l) = l**3 - 14*l**2 + 3*l - 274. Calculate k(15).
-4
Let r(i) = -i**3 + i**2 + 3*i - 2. What is r(3)?
-11
Let o(q) = 3*q - 18. Calculate o(7).
3
Let b(y) = -56*y - 388. Calculate b(-7).
4
Let g(h) = -2*h**3 - 14*h**2 + 6*h + 42. Determine g(-7).
0
Let d(u) = -u**3 - 10*u**2 - 26*u - 12. Determine d(-5).
-7
Let x(y) = -y + 1. Give x(1).
0
Let m(x) = -x**3 - 2*x**2 - 1. Give m(-3).
8
Let b(x) = 2*x**3 - 2*x**2 + 6*x + 7. Give b(-1).
-3
Let a(f) = -27*f**2 + 3*f - 5. What is a(1)?
-29
Let x(z) = 2*z**3 + 5*z**2 + z - 2. Determine x(-3).
-14
Let i(p) = 5*p - 148. Determine i(27).
-13
Let r(v) = v**3 - 12*v**2 + 36*v - 9. Give r(5).
-4
Let z(d) = d + 2. Determine z(-2).
0
Let b(n) = -n**2 + 5*n - 7. Calculate b(8).
-31
Let j(o) = o**3 + 33*o**2 + 33*o + 20. Calculate j(-32).
-12
Let u(b) = -b**3 + 4*b**2 + 12*b - 5. Determine u(7).
-68
Let w(d) = d**3 + 5*d**2 + 6*d. Calculate w(-4).
-8
Let u(o) = -8*o + 6. Calculate u(-8).
70
Let p(i) = -20*i + 11. What is p(2)?
-29
Let q(t) = 2*t - 2. Determine q(-5).
-12
Let g(p) = p**3 - 20*p**2 + 18*p + 18. Give g(19).
-1
Let m(t) = -3*t**2 + 2*t + 1. Give m(3).
-20
Let m(r) = 5*r**2 + r - 1. Give m(-2).
17
Let j(w) = -w**3 - 3*w**2 + 3*w - 1. Determine j(-3).
-10
Let z(o) = 7*o + 33. What is z(-5)?
-2
Let j(g) = 3*g**3 - 14*g**2 + 2*g - 1. Calculate j(4).
-25
Let b(j) = 5*j - 36. Determine b(3).
-21
Let y(s) = s**3 - 10*s**2 + 13*s - 8. Give y(8).
-32
Let s(o) = -16*o**3 + 3*o**2 - 2*o + 1. What is s(-2)?
145
Let r(o) = -o + 4. What is r(6)?
-2
Let r(f) = -2*f**2 + 2*f + 80. Calculate r(7).
-4
Let r(c) = -16*c + 233. What is r(15)?
-7
Let r(o) = 4*o - 12. What is r(5)?
8
Let i(z) = -z**2 + 15*z - 45. Give i(7).
11
Let d(n) = 66*n**3 - n**2 + 3*n - 2. Calculate d(1).
66
Let t(r) = r**3 - 4*r + 7. Give t(5).
112
Let z(r) = -r**3 + 7*r**2 - 5*r + 2. Determine z(5).
27
Let x(a) = a**2 - 8*a + 25. Determine x(10).
45
Let b(c) = c**3 - 15*c**2 - 31*c - 57. What is b(17)?
-6
Let a(s) = 7*s - 215. Calculate a(32).
9
Let i(m) = -3*m - 41. Give i(-10).
-11
Let a(x) = -2*x + 1. What is a(5)?
-9
Let b(d) = -d**3 + 5*d**2 - 4*d - 1. Calculate b(6).
-61
Let x(p) = -3*p - 18. What is x(-11)?
15
Let w(a) = a**3 + 22*a**2 + 25*a - 32. Calculate w(-21).
-116
Let m(p) = -p**3 + 10*p**2 + 10*p. Calculate m(11).
-11
Let s(q) = -11*q + 128. Determine s(11).
7
Let z(b) = -b**3 + 10*b**2 - 17*b + 17. Calculate z(8).
9
Let v(n) = 46*n + 1. Give v(-1).
-45
Let u(c) = c**2 - 16*c - 9. What is u(19)?
48
Let f(d) = 14*d**2 + 3*d + 9. Calculate f(-3).
126
Let l(g) = -58*g**3 - 3*g**2 + 3*g. Calculate l(1).
-58
Let l(n) = -n**3 - 11*n**2 - 10*n + 4. Calculate l(-10).
4
Let r(z) = 2*z - 29. What is r(6)?
-17
Let s(o) = o**3 + o**2 - 9*o - 12. Give s(-3).
-3
Let o(l) = 2*l**3 + 49*l**2 - 25*l - 28. Calculate o(-25).
-28
Let v(o) = 5*o**3 + o**2 + 4*o + 4. What is v(-1)?
-4
Let q(u) = -23*u**2 - u - 1. Determine q(-1).
-23
Let x(f) = 3*f**2 - 9*f + 15. Calculate x(7).
99
Let j(r) = -22*r - 33. What is j(-1)?
-11
Let l(j) = 2*j**3 - 57*j**2 - 26*j - 93. What is l(29)?
-6
Let a(p) = -p**2 - 6*p + 11. What is a(-9)?
-16
Let b(r) = -r**2 + 3*r - 16. What is b(5)?
-26
Let s(q) = -2*q + 4. Give s(-6).
16
Let q(p) = 4*p**3 - 4*p + 2. Give q(1).
2
Let u(c) = 3*c + 7. Determine u(-5).
-8
Let k(j) = 2*j - 40. Determine k(15).
-10
Let q(f) = f**3 - 8*f**2 - 9*f + 1. What is q(9)?
1
Let y(i) = 4*i - 96. Calculate y(31).
28
Let x(t) = 9*t + 2. What is x(-8)?
-70
Let m(a) = a**2 - 12*a + 6. Calculate m(5).
-29
Let a(f) = -f**3 + 14*f**2 - 7. Give a(14).
-7
Let y(s) = s**3 + 4*s**2 - 8*s + 5. Determine y(2).
13
Let c(p) = p + 20. What is c(-9)?
11
Let u(f) = -f + 28. Give u(6).
22
Let w(t) = -9*t + 16. Calculate w(-6).
70
Let m(o) = -o**2 - 2*o + 13. Calculate m(-5).
-2
Let i(o) = -3*o**2 - 10*o + 32. Give i(-7).
-45
Let f(p) = -6*p + 14. What is f(4)?
-10
Let p(n) = n**3 + 6*n**2 + 3*n - 2. Calculate p(-3).
16
Let n(h) = h + 4. Calculate n(-11).
-7
Let z(w) = -w**3 - 5*w**2 - 8*w - 3. Give z(-3).
3
Let g(r) = -r**3 + 11*r**2 + 15*r - 21. Determine g(12).
15
Let h(c) = -2*c - 24. Determine h(-9).
-6
Let h(b) = 6*b + 14. Determine h(-6).
-22
Let s(i) = -2*i**2 - 18*i - 12. Calculate s(-8).
4
Let q(z) = 3*z**3 + z**2 - z + 4. Determine q(2).
30
Let l(c) = 2*c. Calculate l(-3).
-6
Let h(u) = -2*u - 14. Determine h(0).
-14
Let z(b) = 4*b - 178. Give z(45).
2
Let g(x) = 8*x**2 + x + 2. Give g(1).
11
Let i(j) = 4*j - 30. Determine i(11).
14
Let y(o) = 20*o**2 - 2*o - 2. Determine y(-1).
20
Let f(w) = w**3 - 10*w**2 + 20*w + 6. Give f(6).
-18
Let p(m) = 20*m**3 - m**2 + m - 1. Give p(1).
19
Let t(s) = 17*s**3 + s**2 - s - 1. Determine t(-1).
-16
Let q(f) = f**2 + 32*f + 66. Calculate q(-30).
6
Let c(y) = y**2 - 19*y + 34. Dete